{"id":938,"date":"2024-10-04T15:29:27","date_gmt":"2024-10-04T13:29:27","guid":{"rendered":"https:\/\/lted.se.tuwien.ac.at\/?page_id=938"},"modified":"2026-04-02T10:43:02","modified_gmt":"2026-04-02T08:43:02","slug":"landman","status":"publish","type":"page","link":"https:\/\/lted.se.tuwien.ac.at\/index.php\/team\/landman\/","title":{"rendered":"Dr. Martina Landman"},"content":{"rendered":"\n<div class=\"wp-block-columns is-layout-flex wp-container-core-columns-is-layout-28f84493 wp-block-columns-is-layout-flex\">\n<div class=\"wp-block-column is-layout-flow wp-block-column-is-layout-flow\" style=\"flex-basis:25%\">\n<figure class=\"wp-block-image size-full is-resized is-style-rounded wp-duotone-unset-2 is-style-rounded--1\"><img loading=\"lazy\" decoding=\"async\" width=\"1065\" height=\"1065\" src=\"https:\/\/lted.se.tuwien.ac.at\/wp-content\/uploads\/2025\/10\/landman_martina_sq.jpg\" alt=\"\" class=\"wp-image-1967\" style=\"width:200px\" srcset=\"https:\/\/lted.se.tuwien.ac.at\/wp-content\/uploads\/2025\/10\/landman_martina_sq.jpg 1065w, https:\/\/lted.se.tuwien.ac.at\/wp-content\/uploads\/2025\/10\/landman_martina_sq-300x300.jpg 300w, https:\/\/lted.se.tuwien.ac.at\/wp-content\/uploads\/2025\/10\/landman_martina_sq-1024x1024.jpg 1024w, https:\/\/lted.se.tuwien.ac.at\/wp-content\/uploads\/2025\/10\/landman_martina_sq-150x150.jpg 150w, https:\/\/lted.se.tuwien.ac.at\/wp-content\/uploads\/2025\/10\/landman_martina_sq-768x768.jpg 768w\" sizes=\"auto, (max-width: 1065px) 100vw, 1065px\" \/><\/figure>\n<\/div>\n\n\n\n<div class=\"wp-block-column is-layout-flow wp-block-column-is-layout-flow\">\n<h4 class=\"wp-block-heading has-text-color has-link-color wp-elements-c59b56f882825051bd9075bc4e152254\" style=\"color:#5d5d5d\">Former PhD student<\/h4>\n\n\n\n<div style=\"height:30px\" aria-hidden=\"true\" class=\"wp-block-spacer\"><\/div>\n\n\n\n<h3 class=\"wp-block-heading\" style=\"line-height:2\">Contact<\/h3>\n\n\n\n<p>Telefon: <a href=\"tel:+43158801194117\">+43 1 58801 194117<\/a>7<\/p>\n\n\n\n<p>E-Mail: <a href=\"mailto:martina.landman@tuwien.ac.at\">martina.landman@tuwien.ac.at<\/a><\/p>\n\n\n\n<div style=\"height:30px\" aria-hidden=\"true\" class=\"wp-block-spacer\"><\/div>\n\n\n\n<h3 class=\"wp-block-heading\" style=\"line-height:2\">Publications <\/h3>\n\n\n\n<p><em>This list is not being updated anymore.<\/em><\/p>\n\n\n \n<div data-block=\"gutenkit\/container\" data-post-id=\"938\" id=\"block-6ec8eb6f-021c-42fa-a9c5-b8f46103e042\" class=\"wp-block-gutenkit-container alignfull gkit03e042 gutenkit-block\"><div class=\"gkit-block__inner\">\n<ul class=\"wp-block-list\">\n<li style=\"margin-bottom:var(--wp--preset--spacing--10)\">Eickmeyer, M., Seierl, O., Landman, M., R\u00f6pke, R. (2026): <strong>Improving Algorithmic Understanding via Path-finding Algorithms in Unplugged\/Plugged Hybrid Workshops<\/strong>. In: Proceedings of the 20th WiPSCE Conference on Primary and Secondary Computing Education Research (WiPSCE), Association for Computing Machinery, New York, NY, USA. [accepted to be published]<\/li>\n\n\n\n<li style=\"margin-bottom:var(--wp--preset--spacing--10)\">Vielsack, A., Landman, M., Kohn, T. (2026): <strong>Jumpy \u2013 Reinforce Learning about Reinforcement Learning from an AI&#8217;s Point of View<\/strong>. In: ACE &#8217;26: Proceedings of the 28th Australasian Computing Education Conference, Association for Computing Machinery, New York, NY, USA. <a href=\"https:\/\/doi.org\/10.1145\/3786228.3786253\">https:\/\/doi.org\/10.1145\/3786228.3786253<\/a><\/li>\n\n\n\n<li style=\"margin-bottom:var(--wp--preset--spacing--10)\">Vielsack, A., Landman, M. (2026): <strong>Finding the Right Balance: Facilitating the Exploration of Sorting Strategies using 3D-Printable Weights and Scales<\/strong>. In: ACE &#8217;26: Proceedings of the 28th Australasian Computing Education Conference, Association for Computing Machinery, New York, NY, USA. <a href=\"https:\/\/doi.org\/10.1145\/3786228.3786257\">https:\/\/doi.org\/10.1145\/3786228.3786257<\/a><\/li>\n\n\n\n<li style=\"margin-bottom:var(--wp--preset--spacing--10)\">Lehner, L., Reinhard, S., Landman, M., R\u00f6pke, R. (2026): <strong>Turning Students into Neurons \u2014 Evaluating an Embodied CS Unplugged Learning Activity on Neural Networks<\/strong>. In: Proceedings of the 20th WiPSCE Conference on Primary and Secondary Computing Education Research (WiPSCE), Association for Computing Machinery, New York, NY, USA. [accepted to be published]<\/li>\n\n\n\n<li style=\"margin-bottom:var(--wp--preset--spacing--10)\">Lenke, M., Lehner, L., Landman, M.: <strong>\u201cI&#8217;m Actually More Interested in AI Than in Computer Science\u201d \u2013 12-Year-Olds Describing Their First Encounter with AI<\/strong>. In: 2025 IEEE Global Engineering Education Conference (EDUCON). pp. 1\u201310. IEEE (2025). <a href=\"https:\/\/doi.org\/10.1109\/EDUCON62633.2025.11016657\">https:\/\/doi.org\/10.1109\/EDUCON62633.2025.11016657<\/a><\/li>\n\n\n\n<li style=\"margin-bottom:var(--wp--preset--spacing--10)\">Schulte, C., Sentance, S., Sparmann, S., Altin, R., Friebroon-Yesharim, M., Landman, M., R\u00fccker, M. T., Satavlekar, S., Siegel, A., Tedre, M., Tubino, L., Vartiainen, H., Vel\u00c1zquez-Iturbide, J. \u00c1., Waite, J., Wu, Z.: <strong>What We Talk About When We Talk About K-12 Computing Education<\/strong>. In: ITiCSE 2024: 2024 Working Group Reports on Innovation and Technology in Computer Science Education. pp. 226\u2013257. ACM (2025). <a href=\"https:\/\/doi.org\/10.1145\/3689187.3709612\">https:\/\/doi.org\/10.1145\/3689187.3709612<\/a> <\/li>\n\n\n\n<li style=\"margin-bottom:var(--wp--preset--spacing--10)\">Steinert, F., Kummer, J., Landman, M., &amp; Lehner, L. (2024). <strong>From Concept to Code: A Two-Day Workshop for Secondary Students on Computational Thinking and Programming<\/strong>. In&nbsp;<em>Olympiads in Informatics: Selected papers of the International Conference joint with the XXXVI International Olympiad in Informatics Alexandria, Egypt, 1\u20138 September, 2024<\/em>, Vol. 18, pp. 89\u2013100. Vilnius University. <a href=\"https:\/\/doi.org\/10.15388\/ioi.2024.07\">https:\/\/doi.org\/10.15388\/ioi.2024.07<\/a><\/li>\n\n\n\n<li style=\"margin-bottom:var(--wp--preset--spacing--10)\">Lehner, L., Landman, M.: <strong>Unplugged Decision Tree Learning \u2013 A Learning Activity for&nbsp;Machine Learning Education in&nbsp;K-12<\/strong>. In: Creative Mathematical Sciences Communication (CMSC). pp. 50\u201365. Springer, Cham (2024). <a href=\"https:\/\/doi.org\/10.18420\/delfi2024_53\">https:\/\/doi.org\/10.1007\/978-3-031-73257-7_4<\/a><\/li>\n\n\n\n<li style=\"margin-bottom:var(--wp--preset--spacing--10)\">Landman, M. &amp; Kohn, T. (2024). <strong>\u201cSomething that Happens Each Day\u201d &#8211; Students\u2019 Explanations of What Algorithms Are<\/strong>. In&nbsp;<em>ITiCSE 2024: Proceedings of the 2024 on Innovation and Technology in Computer Science Education V. 1<\/em>&nbsp;(pp. 199\u2013205). Association for Computing Machinery (ACM). <a href=\"https:\/\/doi.org\/10.1145\/3649217.3653531\">https:\/\/doi.org\/10.1145\/3649217.3653531<\/a><\/li>\n\n\n\n<li style=\"margin-bottom:var(--wp--preset--spacing--10)\">Landman, M. (2024): <strong>Probleme algorithmisch l\u00f6sen lernen<\/strong>. <em>OCG Journal<\/em>, 49(1), 32\u201333 (2024). <a href=\"http:\/\/hdl.handle.net\/20.500.12708\/197824 \">http:\/\/hdl.handle.net\/20.500.12708\/197824 <\/a><\/li>\n<\/ul>\n<\/div><\/div>\n <\/div>\n<\/div>\n","protected":false},"excerpt":{"rendered":"<p>Former PhD student Contact Telefon: +43 1 58801 1941177 E-Mail: martina.landman@tuwien.ac.at Publications This list is not being updated anymore.<\/p>\n","protected":false},"author":3,"featured_media":0,"parent":24,"menu_order":0,"comment_status":"closed","ping_status":"closed","template":"profile-page-lted-2","meta":{"postBodyCss":"","postBodyMargin":[],"postBodyPadding":[],"postBodyBackground":{"backgroundType":"classic","gradient":""},"footnotes":""},"class_list":["post-938","page","type-page","status-publish","hentry"],"_links":{"self":[{"href":"https:\/\/lted.se.tuwien.ac.at\/index.php\/wp-json\/wp\/v2\/pages\/938","targetHints":{"allow":["GET"]}}],"collection":[{"href":"https:\/\/lted.se.tuwien.ac.at\/index.php\/wp-json\/wp\/v2\/pages"}],"about":[{"href":"https:\/\/lted.se.tuwien.ac.at\/index.php\/wp-json\/wp\/v2\/types\/page"}],"author":[{"embeddable":true,"href":"https:\/\/lted.se.tuwien.ac.at\/index.php\/wp-json\/wp\/v2\/users\/3"}],"replies":[{"embeddable":true,"href":"https:\/\/lted.se.tuwien.ac.at\/index.php\/wp-json\/wp\/v2\/comments?post=938"}],"version-history":[{"count":20,"href":"https:\/\/lted.se.tuwien.ac.at\/index.php\/wp-json\/wp\/v2\/pages\/938\/revisions"}],"predecessor-version":[{"id":2092,"href":"https:\/\/lted.se.tuwien.ac.at\/index.php\/wp-json\/wp\/v2\/pages\/938\/revisions\/2092"}],"up":[{"embeddable":true,"href":"https:\/\/lted.se.tuwien.ac.at\/index.php\/wp-json\/wp\/v2\/pages\/24"}],"wp:attachment":[{"href":"https:\/\/lted.se.tuwien.ac.at\/index.php\/wp-json\/wp\/v2\/media?parent=938"}],"curies":[{"name":"wp","href":"https:\/\/api.w.org\/{rel}","templated":true}]}}